er when 31631430 is divided by 10543810?
0
Calculate the remainder when 114554 is divided by 9507.
470
What is the remainder when 243035 is divided by 70?
65
Calculate the remainder when 7433923 is divided by 838.
25
Calculate the remainder when 920639 is divided by 153426.
83
What is the remainder when 21596019 is divided by 25?
19
Calculate the remainder when 1270366 is divided by 245.
41
What is the remainder when 376891 is divided by 13458?
67
Calculate the remainder when 54252196 is divided by 201681.
7
What is the remainder when 385554 is divided by 189?
183
What is the remainder when 191797757 is divided by 12232?
12229
What is the remainder when 2935563 is divided by 39669?
57
What is the remainder when 11862 is divided by 840?
102
What is the remainder when 1395680 is divided by 1218?
1070
Calculate the remainder when 1813626 is divided by 1040.
906
Calculate the remainder when 1315824 is divided by 328950.
24
Calculate the remainder when 9220914 is divided by 516.
510
Calculate the remainder when 118436 is divided by 643.
124
Calculate the remainder when 10959022 is divided by 3653004.
10
Calculate the remainder when 2279240 is divided by 150.
140
What is the remainder when 35702088 is divided by 17850973?
142
Calculate the remainder when 27694 is divided by 5005.
2669
Calculate the remainder when 7187 is divided by 3365.
457
What is the remainder when 2246360 is divided by 147?
53
What is the remainder when 3355041 is divided by 188?
181
What is the remainder when 1434845 is divided by 12369?
41
What is the remainder when 3733573 is divided by 29?
26
Calculate the remainder when 54793 is divided by 3779.
1887
What is the remainder when 4691843 is divided by 1208?
1179
Calculate the remainder when 2325891 is divided by 249.
231
What is the remainder when 81887448 is divided by 1975?
1973
Calculate the remainder when 1119893 is divided by 5021.
210
What is the remainder when 78634918 is divided by 390?
388
What is the remainder when 345487197 is divided by 96?
93
What is the remainder when 7430 is divided by 241?
200
What is the remainder when 2677905 is divided by 695?
70
What is the remainder when 9266650 is divided by 698?
2
Calculate the remainder when 82147 is divided by 19342.
4779
Calculate the remainder when 23173345 is divided by 11.
8
What is the remainder when 41908 is divided by 41311?
597
What is the remainder when 111867251 is divided by 25201?
12
What is the remainder when 213938402 is divided by 2118202?
0
Calculate the remainder when 1142659 is divided by 6.
1
What is the remainder when 13278 is divided by 11891?
1387
Calculate the remainder when 66565 is divided by 1490.
1005
What is the remainder when 476575 is divided by 969?
796
Calculate the remainder when 96652 is divided by 7169.
3455
What is the remainder when 1478021 is divided by 566?
195
What is the remainder when 31689587 is divided by 50?
37
Calculate the remainder when 133807 is divided by 772.
251
Calculate the remainder when 1129768 is divided by 64.
40
What is the remainder when 2113147 is divided by 58?
33
What is the remainder when 24570031 is divided by 40814?
3
What is the remainder when 19945 is divided by 3916?
365
What is the remainder when 187495447 is divided by 62498478?
13
What is the remainder when 14396699 is divided by 122?
89
What is the remainder when 36603 is divided by 12117?
252
Calculate the remainder when 191244 is divided by 19066.
584
What is the remainder when 103651191 is divided by 52?
7
Calculate the remainder when 2153405 is divided by 485.
5
What is the remainder when 262218 is divided by 10833?
2226
What is the remainder when 435979 is divided by 14531?
49
What is the remainder when 8280524 is divided by 2070124?
28
What is the remainder when 87568164 is divided by 45?
9
Calculate the remainder when 6485488 is divided by 773.
18
Calculate the remainder when 41832369 is divided by 434.
411
Calculate the remainder when 1891209 is divided by 685.
609
What is the remainder when 86393 is divided by 535?
258
Calculate the remainder when 27286997 is divided by 1949071.
3
Calculate the remainder when 82269213 is divided by 98526.
3
What is the remainder when 105959 is divided by 1206?
1037
What is the remainder when 40379 is divided by 308?
31
Calculate the remainder when 4987867 is divided by 404.
83
What is the remainder when 1109925 is divided by 3016?
37
Calculate the remainder when 196402 is divided by 205.
12
What is the remainder when 17533214 is divided by 45?
44
What is the remainder when 34638749 is divided by 260?
249
Calculate the remainder when 26022587 is divided by 190.
187
Calculate the remainder when 198481110 is divided by 53.
32
Calculate the remainder when 13241 is divided by 1602.
425
Calculate the remainder when 5993391 is divided by 1498276.
287
Calculate the remainder when 17255793 is divided by 605.
588
Calculate the remainder when 5389019 is divided by 3925.
3919
What is the remainder when 2309735 is divided by 156?
155
What is the remainder when 1261478 is divided by 28668?
86
Calculate the remainder when 1258354 is divided by 645.
604
Calculate the remainder when 3402835 is divided by 91968.
19
Calculate the remainder when 126592 is divided by 543.
73
Calculate the remainder when 224165 is divided by 13172.
241
Calculate the remainder when 1892673 is divided by 30.
3
What is the remainder when 83471 is divided by 41694?
83
Calculate the remainder when 55326654 is divided by 673.
670
What is the remainder when 3914737 is divided by 5?
2
Calculate the remainder when 14188780 is divided by 623.
578
What is the remainder when 107173149 is divided by 103?
1
Calculate the remainder when 7238326 is divided by 6042.
10
What is the remainder when 3337543 is divided by 1668754?
35
Calculate the remainder when 4763962 is divided by 28526.
120
Calculate the remainder when 5251599 is divided by 81.
45
Calculate the remainder when 3334271 is divided by 296.
127
Calculate the remainder when 18600 is divided by 211.
32
Calculate the remainder when 95279 is divided by 5307.
5060
Calculate the remainder when 15420 is divided by 933.
492
What is the remainder when 609986 is divided by 45?
11
What is the remainder when 24943086 is divided by 361494?
0
What is the remainder when 429366 is divided by 4550?
1666
Calculate the remainder when 669551 is divided by 2293.
2288
Calculate the remainder when 6204054 is divided by 51.
6
What is the remainder when 139848 is divided by 8429?
4984
Calculate the remainder when 707823 is divided by 138.
21
What is the remainder when 285946 is divided by 2344?
2322
What is the remainder when 4329287 is divided by 537?
530
Calculate the remainder when 1066348 is divided by 419.
412
What is the remainder when 1534842 is divided by 18492?
6
What is the remainder when 177670 is divided by 59211?
37
What is the remainder when 175836 is divided by 2655?
606
What is the remainder when 229286169 is divided by 6?
3
Calculate the remainder when 5914118 is divided by 12.
2
What is the remainder when 1569245 is divided by 6823?
6778
Calculate the remainder when 766725 is divided by 255519.
168
What is the remainder when 4025676 is divided by 158?
152
What is the remainder when 273958 is divided by 87635?
11053
What is the remainder when 283722 is divided by 965?
12
What is the remainder when 17682766 is divided by 15718?
16
What is the remainder when 15172104 is divided by 15?
9
What is the remainder when 76503 is divided by 15203?
488
Calculate the remainder when 48602 is divided by 40524.
8078
Calculate the remainder when 93788378 is divided by 46894185.
8
What is the remainder when 22514547 is divided by 6398?
6383
What is the remainder when 140803 is divided by 133800?
7003
Calculate the remainder when 296445 is divided by 148168.
109
Calculate the remainder when 7071625 is divided by 37416.
1
What is the remainder when 1476031 is divided by 32?
31
What is the remainder when 32578 is divided by 6254?
1308
Calculate the remainder when 497581694 is divided by 585.
584
Calculate the remainder when 1297765 is divided by 856.
69
Calculate the remainder when 6480264 is divided by 668.
664
Calculate the remainder when 2166338 is divided by 2083.
18
What is the remainder when 8262658 is divided by 11